k + 117. What is the highest common divisor of h and q?
4
Let x = 8 + -8. Suppose -706 = -3*d - s, x*s - 710 = -3*d + s. Let a be d/(4/2) + 2. Calculate the highest common factor of 48 and a.
24
Let v = 420 + -381. What is the greatest common divisor of 507 and v?
39
Let u = 11 + -7. Suppose -47 = -2*r - 2*r - 3*p, 5*r + u*p = 60. Calculate the greatest common divisor of 20 and r.
4
Suppose 7*f = 233 + 68. Suppose 5*u - f = 97. What is the highest common factor of u and 56?
28
Let u be (-1)/((-2)/(-6))*-41. Calculate the highest common divisor of u and 82.
41
Let x = 1 - -1. Let i(c) = c**2 - c - 48. Let u be i(8). Calculate the highest common factor of u and x.
2
Suppose 5*o = t - 8 - 140, -t + 148 = o. What is the highest common divisor of t and 111?
37
Let m(a) be the second derivative of -13*a**3/6 - 7*a**2/2 - 10*a. Let l be m(-11). Let z be l/10*45/18. What is the highest common factor of 34 and z?
34
Let h be (-1 + 1*(-8)/(-12))*0. Suppose h = 6*w - 7*w + 125. Calculate the greatest common divisor of 25 and w.
25
Let x(t) = -2*t + 105. Let b be x(6). What is the greatest common factor of 6 and b?
3
Let b be (-8)/(-2) + -2 + 16. Suppose 5*x - b = 22. What is the greatest common divisor of x and 8?
8
Suppose -3*r - 4*i + 496 = 0, 0 = -4*r + 5*i - 4*i + 674. Let u = 46 + 10. Calculate the greatest common divisor of r and u.
56
Let o = 230 + -211. Calculate the highest common factor of o and 152.
19
Let v be 4/16 + 2638/8. Suppose 9*h = 8*h + v. Calculate the greatest common factor of 30 and h.
30
Let i = -937 - -983. What is the highest common divisor of i and 8?
2
Let c = 689 - 677. What is the greatest common divisor of 24 and c?
12
Let j(l) = -74*l + 574. Let c be j(7). Calculate the highest common divisor of 224 and c.
56
Let r(c) = 29*c**3 + 2*c**2 + 6*c - 7. Let b be r(1). Calculate the highest common divisor of b and 210.
30
Suppose 0 = 629*q - 628*q - 88. Suppose 3 = -l + 5*u, -l - 2*u = -5*u - 1. Let p = l + 1. Calculate the greatest common factor of p and q.
8
Suppose -304 = -5*x - 54. What is the greatest common factor of x and 110?
10
Let b be (480/(-36))/(1/(-3)). Let l(d) = d**3 + 7*d**2 + 5*d + 10. Let p be l(-6). Calculate the highest common divisor of p and b.
8
Let a be 7*-15*(-80)/48. What is the highest common divisor of a and 105?
35
Let j = -227 + 396. What is the highest common factor of 52 and j?
13
Let o be 3*(-4)/(24/(-58)). Let t = o + -12. What is the highest common factor of t and 119?
17
Suppose 8*s - 3 = 9*s. Let x be (-1)/(-3)*s + 37. Calculate the highest common divisor of 6 and x.
6
Let s = -513 - -788. What is the highest common divisor of s and 25?
25
Suppose 2*u = -2*m + 258, -16*u + 11*u + 3*m = -653. Calculate the greatest common factor of 25 and u.
5
Suppose 2 = 4*q - 18. Suppose -q*k + 30 = -0. What is the highest common factor of k and 15?
3
Suppose -5*j + 3*c - 192 + 762 = 0, 0 = 5*j + 2*c - 545. Calculate the highest common factor of 185 and j.
37
Let n = -13 - -13. Suppose l + 4*l - 300 = n. Suppose -4*t = -t - l. What is the greatest common factor of 180 and t?
20
Suppose -2*i + 6 = -3*k - k, 0 = -k. Let w be 0*((-4)/(-12) - 0). Suppose i*g - 6*g + 12 = w. Calculate the highest common factor of 36 and g.
4
Suppose 17*k = 19*k - 16. Let p be 6/6 + k/4. Calculate the greatest common factor of p and 6.
3
Let j = 74 - 73. Let a be -2*(j + (-3 - (-1)/2)). Calculate the highest common divisor of a and 30.
3
Let u be (-115)/(-35) - 2/7. Let i be 1 + (-1 - -2)*23. Let b be ((-14)/(-8))/(2/i). What is the greatest common factor of u and b?
3
Let a be 733 + -2*(0 - 1). What is the highest common factor of 15 and a?
15
Let x = 20604 - 20584. Suppose 35 = -0*a + 5*a. Let h = a - -1. Calculate the highest common divisor of h and x.
4
Let s be 5/(-1)*(1 + 99/15). Let m be -1 + (-4 - -2 - s). Calculate the highest common divisor of 14 and m.
7
Let l(j) = j**3 - 14*j**2 + 5*j - 38. Let t be l(14). Suppose -5*r + r = -t. What is the greatest common factor of r and 136?
8
Let i = 211 + -77. Let z = i - 88. Suppose -5*k = -2*n - 74, 0 = 2*k + k - 2*n - z. Calculate the highest common divisor of 7 and k.
7
Let f be (-40 - 0)*(-6 - 16)/2. Suppose -5*r + f = 3*u + 2*u, -2*u - 76 = -r. Calculate the highest common factor of 12 and r.
12
Let v be ((77/2)/(-7) - -4)*-2. Calculate the greatest common divisor of 93 and v.
3
Let l = 320 + -218. Calculate the greatest common factor of 36 and l.
6
Let a = 0 - -3. Suppose w - a*r = -4*r + 17, 2*r - 88 = -5*w. Suppose -4*m + 9*m = 30. Calculate the highest common divisor of m and w.
6
Let n = 58 + -109. Let j be -4*(-5)/((-20)/n). Suppose -68 = -0*z - 4*z. What is the greatest common factor of z and j?
17
Let v be (98/(-245))/(6/(-465) + 0). Calculate the highest common factor of v and 3751.
31
Let i be (-23)/7 - ((-20)/14)/5. Let q(g) = g**3 + 2*g**2 - 4*g + 1. Let o be q(i). Calculate the greatest common factor of o and 8.
4
Suppose 802 = l - 3*u, 4*u = -l - 0*u + 830. What is the greatest common divisor of l and 22?
22
Suppose 0 = -4*n + 16, 4*p - 5*n - 169 = 303. Suppose -p = -5*c + 4*m - 35, 2*m = 6. Calculate the highest common divisor of 20 and c.
20
Suppose 12*i - 6348 = 2100. What is the highest common factor of i and 22?
22
Let m(o) = -o**3 - 13*o**2 + 14*o + 18. Let g be m(-14). Calculate the greatest common factor of 2 and g.
2
Suppose 0 = -24*w + 5*w + 228. What is the greatest common divisor of w and 18?
6
Let h = 1894 - 1770. Calculate the greatest common factor of h and 8.
4
Suppose -380 = -5*j - 150. Suppose -4*v + 460 = -344. Let p = -86 + v. Calculate the greatest common factor of p and j.
23
Let q(g) = g + 17. Let m be q(-5). Suppose -3*a + 3 = -m. Suppose -555 = -a*b + p, 0 = -b - 3*b - 5*p + 415. What is the highest common factor of 10 and b?
10
Let v = 1 - -72. Suppose 2*s + k = 5*k + 48, 0 = 2*s + k - v. Let u be (19/1 - 1) + -1. What is the greatest common divisor of s and u?
17
Suppose -c + 2*j + 31 = -0*c, 2*c - 3*j = 58. Suppose -39 = -c*g + 20*g. Calculate the highest common divisor of 208 and g.
13
Let z = -3 - -6. Suppose z*f = 8*f + 55. Let a be -3 - f - (4 - 2). Calculate the greatest common divisor of a and 4.
2
Suppose 1 = 3*v - 2*v. Suppose -q - v = -3*w, 5*w + 0*w - 5*q = 5. Suppose w*h + h - 15 = 0. Calculate the greatest common divisor of h and 5.
5
Let l(q) = -q**2 + 16*q + 1. Let h be l(16). Let a = 6 - h. Suppose -a*f - 5*i + 141 = -i, -f + 3*i + 32 = 0. What is the highest common divisor of f and 319?
29
Let n be -1 + 0 - 23*8/(-4). Suppose -5*t + 4*c + n = 0, t - 5*t + 32 = -4*c. What is the greatest common divisor of t and 104?
13
Suppose -4*f + 1946 = -10*w + 13*w, 4*w + 2448 = 5*f. Calculate the highest common factor of 61 and f.
61
Suppose 1307 - 3243 = -n. Calculate the greatest common divisor of 121 and n.
121
Suppose -21*g = -25*g + 632. Calculate the highest common factor of g and 237.
79
Suppose 0 = 11*q + 22*q - 330. Calculate the highest common factor of q and 230.
10
Let p = 35 + -7. Let q be 15*(1 + 9/(-15)). Suppose 35 = q*a - a. What is the greatest common factor of p and a?
7
Suppose 0 = -5*x + 3*d + 23, -4*x = -3*x + d - 11. Suppose 11*m - 392 = -3*m. What is the highest common divisor of m and x?
7
Suppose 5*h + 91 - 373 = 3*a, 0 = 2*h + 5*a - 88. What is the greatest common divisor of h and 63?
9
Suppose -2*g + 11 = 3. Suppose g*o = -135 + 3. Let v = 40 + o. Calculate the highest common factor of 21 and v.
7
Let k = -558 - -590. Calculate the highest common divisor of 416 and k.
32
Let v(d) = -d**3 - 28*d**2 - 55*d - 64. Let n be v(-26). Calculate the highest common divisor of 224 and n.
14
Suppose 3*w + 72 = 4*z, -10*z + 7*z - w = -41. Calculate the greatest common divisor of z and 255.
15
Let m be (-2)/(-7) + 340/35. Let x be (m - (-2 - -4)) + -2. Suppose 4*d - 23 = d + 4*r, r = 2*d - 17. What is the highest common factor of x and d?
3
Suppose 93 = 7*v - 285. Calculate the highest common factor of 63 and v.
9
Suppose -2*y - 5 = h, -4*y - 10 + 5 = 3*h. Let q = y - -23. Let k = -89 - -161. Calculate the highest common divisor of q and k.
18
Let q(x) = 13*x + 23*x + 72 + 19*x - 56*x. Suppose -2*b = -5*b. Let i be q(b). Calculate the highest common divisor of 9 and i.
9
Let m = 369 + -218. Suppose 2*x - m = 29.